 + 13, -c = 4*t + 15. List the prime factors of 13 - 0*2/t.
13
Let i(c) = -c**3 + 4*c**2 + 2. Let y be 1/(-4) + (-68)/(-16). Suppose -5*x + y + 11 = 0. List the prime factors of i(x).
11
Let v(w) = w**2 + 9*w - 14. Let o be v(-10). Let i = 1 + o. Let n(h) = -3*h + 1. List the prime factors of n(i).
2, 5
Suppose -5*q = -4*r - 12 - 35, -26 = -2*q - 2*r. What are the prime factors of q?
11
Suppose 0 = 3*t - 3*n - n - 344, -3*n = -12. List the prime factors of t.
2, 3, 5
Let l(o) = 13*o - 1. Let w be l(1). Let t be (8/w)/((-2)/24). Let g(i) = -i - 5. List the prime factors of g(t).
3
Let d(z) = z**3 - 7*z**2 + 9*z - 15. Let s be d(6). Suppose c + 192 = 5*i - 0*i, -c = -s. List the prime factors of i.
3, 13
Let r(s) = 2*s**2 + 7*s + 14. What are the prime factors of r(-7)?
3, 7
Let o(g) = g**3 + 14*g**2 - 15*g + 3. List the prime factors of o(-15).
3
Let h be 1*(1 - 3/(-3)). Suppose 3*q = -3*v + 6, 3*q - h*q - 2*v = 17. Suppose 3*t = 4*a - q, 5*t - 15 = -0*t. What are the prime factors of a?
2
Suppose 5*q - 7 = -f, -5*q + 0*f + 11 = 3*f. Suppose 0*j - j + q = 0. List the prime factors of 11 - 7 - j*2.
2
Let x = 82 - 37. Let j be (3/5)/(3/x). Let d = 15 - j. What are the prime factors of d?
2, 3
Suppose -i + 47 = -0*i. What are the prime factors of i?
47
Let b = 137 - 50. Suppose 4*z + 3*k - 116 = 0, 3*z - k - b = 2*k. List the prime factors of z.
29
Let v = 52 - 37. List the prime factors of v.
3, 5
Let s(d) = -d**3 + 27*d**2 - 19*d - 33. What are the prime factors of s(26)?
149
Let v(q) = q**3 - 7*q**2 - 10*q + 4. Let b be v(9). Suppose -3*h - b = -7*h. List the prime factors of h.
19
Suppose 3*j - 47 = 100. List the prime factors of j.
7
Suppose 22 = 4*t + 2*y, -2*t = -0*t + 5*y + 9. Let g(m) = m - 3. Let b(a) = a - 3. Let c(i) = 4*b(i) - 3*g(i). What are the prime factors of c(t)?
5
Suppose 5*x - 534 - 259 = -4*n, 593 = 3*n + 2*x. What are the prime factors of n?
197
Suppose 4*n - 148 = 2*n. What are the prime factors of n?
2, 37
Let w = 113 + 33. What are the prime factors of w?
2, 73
Let c(m) = -3*m**3 - m**2 + 1. Let q be c(-1). Suppose q*x - 20 = -x. List the prime factors of x.
5
Suppose 0 = -4*p + 113 + 123. List the prime factors of p.
59
Let u(i) = 2*i - 1. Let v be u(2). Suppose -8 = 2*c - v*c. Suppose -2 = -o + c. What are the prime factors of o?
2, 5
Let g be ((-4)/((-12)/15))/1. Suppose -29 = -2*u + g. Let i = -8 + u. What are the prime factors of i?
3
Let p = 512 - 309. What are the prime factors of p?
7, 29
Suppose -3*i - 164 = -7*i. What are the prime factors of i?
41
Suppose 0 = 3*x + 2*w + 11, 8*x - w = 3*x - 1. Let i = x + 2. List the prime factors of 13 + 0 - i*2.
11
Let t(i) = 2*i**2 - i - 2. Let y = -4 - -6. Let v be t(y). Suppose 0 = -v*r - 0*r + 40. What are the prime factors of r?
2, 5
Let z = -6 - -4. Let a(u) be the first derivative of -u**4/2 - u**3 + u**2/2 + 2*u + 2. List the prime factors of a(z).
2
Suppose 0 = -v + q - 3, 3 = -3*v - 4*q + 29. Suppose v*g + 34 + 16 = 0. Let z = g - -41. What are the prime factors of z?
2
List the prime factors of (-861)/(-5) + (-23)/115.
2, 43
Let a(y) be the first derivative of y**3/3 - 9*y**2/2 - 5*y + 2. List the prime factors of a(10).
5
Let j = 106 + 98. List the prime factors of j.
2, 3, 17
Let x(t) = 3*t - 13. Suppose -2*f + 5*f = 0, -12 = -4*n - 2*f. Suppose -n*u = 2*u - 45. What are the prime factors of x(u)?
2, 7
Let q(m) be the second derivative of m**4/6 - 5*m**3/6 - 3*m**2 - 2*m. What are the prime factors of q(5)?
19
Suppose 0 = 3*p + 2*s - 40 - 13, 0 = -3*p + 2*s + 61. Let a be (-2 - -1)*(0 - 0). Suppose a = o + 7 - p. What are the prime factors of o?
2, 3
List the prime factors of 85*(2 + -1) - 2.
83
Let h(v) = v + 11. Let i be h(-9). Suppose 98 + i = 5*d. What are the prime factors of d?
2, 5
Let w = 24 - 8. Let z = -7 + w. List the prime factors of z.
3
Let u = 101 + -80. List the prime factors of u.
3, 7
Suppose 12*d = 4*d + 1424. What are the prime factors of d?
2, 89
Let u be 11/66 + 14/(-12). What are the prime factors of -2 + u - (-20 + -2)?
19
Let j = 6 + -8. Let x = j - -4. Suppose x*d = -0*d + 6. List the prime factors of d.
3
List the prime factors of 4*4/16*17.
17
Suppose 113 - 26 = 3*w. Let f = -22 + w. List the prime factors of f.
7
Suppose -3*f + 26 = 5*l, -5*f - 40 = -4*l - f. Suppose 0 = 3*u - l*u + 36. What are the prime factors of u?
3
Let c(t) be the third derivative of -t**5/60 + 13*t**4/24 - 5*t**3/3 - 4*t**2. What are the prime factors of c(11)?
2, 3
Let p(z) = z**3 + 5*z**2 + 6*z - 3. Let g be p(-4). Let i(y) = -y**3 + 4*y**2 + 1. Let w be i(5). Let s = g - w. List the prime factors of s.
13
Let c(j) = -j**3 - 4*j**2 - 10*j - 1. List the prime factors of c(-4).
3, 13
Suppose 2*l - 3 - 7 = 0. Suppose 4*h + s = -s + 50, l*s + 100 = 5*h. What are the prime factors of h?
3, 5
Let d be (-2)/7 + (-37)/(-7). Suppose -5*h = -3*h + 2*j - 34, -19 = -3*h + d*j. Suppose 8 = k - 2*g, 5*k - h + 1 = -4*g. What are the prime factors of k?
2
Suppose 0 = -2*v + v - 1. Let w(h) = -3*h + 2*h + 4 - 11*h**3 - 5. List the prime factors of w(v).
11
Let i = -170 + 286. List the prime factors of i.
2, 29
Let c(q) = -2*q - 4. What are the prime factors of c(-12)?
2, 5
Let i = -4 + 4. Suppose -3*a - 2*u = -5, -5*a - 3*u + 8*u + 25 = i. Suppose 4*r - a = 21. List the prime factors of r.
2, 3
Let b(y) = -20*y + 15. List the prime factors of b(-3).
3, 5
Suppose 2*m + 23 = 5. What are the prime factors of (-53)/(-3) + m/(-27)?
2, 3
Suppose -5*b + 50 = 5*q, 2*b = q + 4*q + 41. What are the prime factors of b?
13
Let p(m) = 57*m**2 - m - 1. List the prime factors of p(-1).
3, 19
Let m = 13 - 9. Suppose n - 6*n + m*u + 41 = 0, 5*u = n - 4. List the prime factors of n.
3
Let z(q) be the first derivative of q**4/4 - q**3 - q**2 - 4*q + 3. Let t be z(4). Suppose 44 = -0*l + t*l. List the prime factors of l.
11
Let x be 123/(-6)*2*-1. Suppose 0*z = j + 5*z - 20, 3*j - x = 4*z. What are the prime factors of j?
3, 5
Suppose 5*z - 5*t - 350 = 0, -4*z - 25 = -3*t - 303. List the prime factors of z.
2, 17
Let t = 201 - 105. List the prime factors of t.
2, 3
Let z(i) = 7*i**2 + 4*i + 10. Let s be z(-4). Suppose 0 = 3*f - f - s. What are the prime factors of f?
53
Suppose 3*g - 6 = 3*s, -12 = -4*s - 0*g - g. List the prime factors of s/(-5)*90/(-3).
2, 3
Let n(s) = -360*s. What are the prime factors of n(-1)?
2, 3, 5
Let m(z) = -z**2 - 8*z - 6. Let p be m(-6). Suppose 2*l - p = -0*l. What are the prime factors of l?
3
Suppose -2*i - 5*w = -130, 0*i - 4*w = -i + 52. List the prime factors of i.
2, 3, 5
Let j be (-1)/3 + 4/12. Let h(g) = -g + 50. Let o be h(j). Suppose 4*t + t = o. List the prime factors of t.
2, 5
Let x(r) = -3*r**3 + r + 1. Let k be x(-1). Suppose -u - 4 = -5*i, k*i = -3*u + 24 - 0. List the prime factors of u.
2, 3
Let c(n) = -2*n**2 - 41*n + 21. List the prime factors of c(-19).
2, 3, 13
Suppose -j - 806 = -5*v, 3*j + 2*j = 3*v - 488. List the prime factors of v.
7, 23
Let w(q) = -q**3 + 3*q**2 - 2. Let d(j) = -j + 7. Let v be d(5). List the prime factors of w(v).
2
Let a = 2 + 0. Let j be (-2)/(a/(-2)*2). List the prime factors of (j - -1)/(2 - 1).
2
Let q(w) = w + 1. Let s(h) = h. Let n(t) = q(t) - 2*s(t). Let y be n(-4). Suppose 2*v - 4*v + 28 = -y*c, 0 = 5*v - 2*c - 28. What are the prime factors of v?
2
Suppose 2 + 0 = u. Suppose -h + 44 = 3*h - u*y, -11 = -h + 5*y. List the prime factors of h.
11
Suppose -3*u - 11 = i - 6*u, 5*i = 3*u + 5. Suppose -q + 4 = -i*p, 4*p + 6 = -q + 3*p. List the prime factors of (8 + -2)*(-2)/q.
3
Let p(r) = -4*r - 1. Let a = -10 - -9. Let q be p(a). Suppose 0 = -2*w + 5*k - 2*k + 24, q*k + 6 = 0. List the prime factors of w.
3
Suppose 4*p - 17 = 3*g, 0 = -4*g - g - 2*p + 15. Let n(v) = 10*v - 1. What are the prime factors of n(g)?
3
Let m be ((-10)/(-7))/((-2)/(-14)). Let q = m - -21. What are the prime factors of q?
31
List the prime factors of (-10)/(-6)*(-18)/(-5).
2, 3
Let m(t) = -2*t + 2. Let p = 7 + -11. List the prime factors of m(p).
2, 5
Suppose 14 = 4*r - r + x, -5*x + 40 = 5*r. Suppose 0*y = r*y - 15. List the prime factors of y.
5
Let n(j) = 25*j**2 - 1. Let y be n(1). Let l(u) = -u**3 - 6*u**2 - 4*u + 5. Let t be l(-5). Suppose -3*b = -t*b - y. What are the prime factors of b?
2
Suppose 2*v = -3*c + 90, 3*v = -0*v + 